ue
Suppose 15 = 6*y - 3. Let u be (-4 - (-6 + y)) + -473. Is (35/(-10))/(3/u) prime?
False
Let u be 0 - -6 - (-75 + -32). Let q = u + 416. Is q a prime number?
False
Let c(o) = -38 - 3*o + o - 3*o + 11. Let d be c(-6). Suppose -d*i + 250 = -197. Is i a composite number?
False
Let d be (-6)/39 - (-8659)/91. Let k = d - 90. Suppose -5*q = -3*z + 8340, -6*q = -5*z - k*q + 13922. Is z a composite number?
True
Suppose 0 = 4*f - 8, -2*t + 2*f - 98 = f. Let x = t + 355. Is x composite?
False
Let k(u) be the second derivative of 3*u**5/10 - 2*u**4/3 - 11*u**3/6 + 21*u**2/2 - 17*u. Let g be k(9). Is 0 - -3 - g/(-6) a prime number?
False
Let n = 31 - 26. Suppose n*t = 2*f + 329, -26*t + 28*t = 2*f + 128. Is t a composite number?
False
Is ((-99)/66)/((-18)/2909028) a prime number?
True
Let w = -21775 + 186254. Is w prime?
False
Suppose 5*g - 8*g - 4*g = 0. Suppose g = -8*u + 19*u - 1342. Is u a prime number?
False
Suppose -5*h = -4*h + 10*h - 57277. Is h prime?
False
Let s(w) = 2*w**2 - 3*w - 7*w**2 + 0*w + 6*w**2 + 2. Let g be s(4). Let m(t) = 41*t - 23. Is m(g) a prime number?
True
Suppose z + 5*r - 17052 = -2*z, 11370 = 2*z + 4*r. Suppose 0 = -2*g + x - 4, -4*x + 9 - 5 = -2*g. Is (g/(-1))/(18/z) a prime number?
True
Let s = 168 + -168. Suppose s = -32*a + 36*a - 12508. Is a a prime number?
False
Let j(d) = 5907*d**2 - 3*d - 7. Is j(-1) a prime number?
True
Suppose -1196 = -x - 5*m, 5*m - 10*m = -15. Suppose 6*k + x = 7*k. Is k prime?
True
Suppose 310*k = 138*k + 214251628. Is k a composite number?
False
Let a = 171 + -167. Suppose 0 = -5*i + 5*f + 33190, -i = -0*i - a*f - 6641. Is i a composite number?
False
Let a = -723 + 727. Suppose 4*p = -3*v + 83563, 0 = a*p + v - 30040 - 53513. Is p a composite number?
False
Let t(a) = 3429*a**2 + 152*a + 859. Is t(-6) prime?
False
Is (-607 + 11549)/(1 - (-6)/(-10)) a prime number?
False
Let h = -100554 - -177815. Is h composite?
False
Suppose p - 3*p + 4732 = 4*j, 4*j = 5*p - 11830. Let n = 17799 - p. Suppose -9*k = -21008 - n. Is k prime?
True
Suppose -18*l - 1078481 = -i - 15*l, -i = -2*l - 1078473. Is i prime?
False
Suppose -12 + 3 = -3*b. Suppose -4*k = 0, 2*c = b*k - 6*k + 17840. Let a = c + -5661. Is a a composite number?
False
Let y(v) = 5206*v**2 + 28 + 35*v - 43 - 19. Is y(1) a composite number?
True
Let k = 133 - 118. Let i be (-5056)/(-12) + (-20)/k. Suppose -15*r - i = -8235. Is r prime?
True
Suppose 317*a = 329*a - 751452. Is a a composite number?
True
Let a = 42 - 39. Suppose -z = a - 0. Is (-1795)/(-4 - (0 + z)) a composite number?
True
Let f be (-654)/(-14) - (-32)/112. Let g = f + -47. Suppose -h + 2*h - 691 = g. Is h a composite number?
False
Suppose -2*k - c + 199948 = 0, -4*k + 4*c - 199966 = -6*k. Is k composite?
False
Let p be 12/9 - (-6)/9. Suppose p*n - 10846 - 15948 = 0. Is n composite?
False
Is 44428 + 21 + -8 - 8/(-1) composite?
False
Is ((-2)/6)/((-12)/13404204*9) a composite number?
True
Let v(r) = -28*r**2 + 55*r - 53. Let z(q) = 29*q**2 - 55*q + 50. Let x(a) = 5*v(a) + 6*z(a). Is x(12) composite?
False
Let a(f) = -5*f - 21. Let y be a(-7). Suppose -y + 45 = 2*r - 5*h, -5*h = -r + 28. Is r/((-9)/(-6693)) + 3 composite?
True
Suppose -4*t - 1 = -v - 2, -2*v - 2 = 0. Suppose -g = 3, t*f + 3*g = f - 10178. Is f a composite number?
False
Let m be 8 - (1690*17)/5. Is (-1 - (m + 3)) + 15/5 a prime number?
True
Let z(x) = 66*x - 61. Let k(n) = 65*n - 59. Let v(i) = -4*k(i) + 3*z(i). Is v(-7) a composite number?
False
Suppose -3*k + 2*o + o = 0, 0 = -k + 5*o - 16. Let h be k/((-16)/9) - (-3)/12. Is (h/(-3))/((20/3495)/2) a composite number?
False
Suppose -4*g - 14852 = 5*b, 4*b + 11857 = 4*g + g. Let x = 4557 + b. Is x a composite number?
True
Let k be 1*-699*7/(-3). Suppose 0 = 4*t + 10*f - 14*f + 3000, 3*t = -f - 2266. Let h = k + t. Is h prime?
True
Suppose 4*r - 441 = z, -r + 53 = z - 51. Let b be r/(3 + 23/(-8)). Let f = -91 + b. Is f composite?
True
Let b(m) be the first derivative of 22*m**3/3 + 9*m**2/2 + 15*m + 244. Suppose -3*c = 6, 14 = p - 6*p + 3*c. Is b(p) prime?
True
Let p(k) = k**3 - 6*k**2 - k + 10. Let n be p(6). Suppose -4*v = n*d + 380, 98 = -d - v + 3*v. Let j = d + 449. Is j a prime number?
True
Suppose 0 = -3*a + 4*a - 1972. Is 4 + (-10)/5 + 2*a composite?
True
Suppose -2*m = 5*s + 53 - 20, -34 = 5*s + m. Let a be (-2)/s + (-133)/(-49). Suppose 307 = -a*h + 1060. Is h a composite number?
False
Let x(q) = 854*q**2 - 5*q + 5. Let i be x(1). Let n = i - 357. Is n a composite number?
True
Let j be ((-28)/35)/(4/(-2))*22865. Let o = j - 6225. Is o a composite number?
True
Suppose 7*z - 5*u - 823 = 5*z, 2*z + 5*u = 793. Suppose -b - 4*t + 151 = 0, 2*b - z = 3*t - 58. Suppose -4*y = -b - 557. Is y prime?
True
Is ((-563742)/(-8))/(-9)*-4 composite?
False
Let l(t) = -176212*t + 905. Is l(-2) prime?
True
Let j be 2/(-10) - (-14901)/5. Let l be (-1 - -4)/(5/(2 - -3)). Suppose -c - l*c = -j. Is c composite?
True
Let u(s) = -63*s**2 + 12 + 116*s**2 - 7. Is u(-6) a prime number?
True
Is (-230417)/(-2) - (-141)/(-94) a composite number?
True
Let t(o) = 3*o**2 + 19*o - 40. Let v(l) = 6*l**2 + 39*l - 81. Let q(j) = 7*t(j) - 3*v(j). Let x = 2512 + -2500. Is q(x) a prime number?
True
Let b(g) = -57*g**2 + 18*g - 34. Let i be b(10). Is i/(-4)*76/38 composite?
False
Suppose -228*u = -293*u + 1233115. Is u composite?
True
Suppose 177373 = 4*v - h, -4519 = -2*v - 4*h + 84145. Suppose 0 = -4*c + 142402 - v. Is c prime?
False
Let q(l) = 693*l - 3. Suppose 5*y + 3*c = 8*y - 33, -2*y + 23 = -3*c. Is q(y) prime?
False
Suppose -24929 + 9333 = -14*k. Let w be (-2 + 1)/((-2)/(-18)). Is (27/(-6))/w*k composite?
False
Suppose 0 = 421*b - 415*b - 219480. Suppose 29*j - 9*j = b. Is j a prime number?
False
Let r = 627 + -381. Suppose -114 = -9*h + r. Suppose 42*v - 4206 = h*v. Is v prime?
False
Let l = -28 + 31. Suppose -l*n = 11 - 44. Is 8/(-2) - (-5467)/n a prime number?
False
Suppose -13*g + 16883 + 2051 + 20157 = 0. Is g prime?
False
Let n be 33/3*(-931)/(-7). Suppose 0 = k - n + 384. Is k composite?
True
Let t(l) = 25*l + 27. Let z be (-2 + 3)*(9 + -3 + 0). Let o be t(z). Suppose -5*b - 2534 = -2*g, 2*b - 1072 = -g + o. Is g prime?
False
Let k be ((-29)/2 + -3)/((-4)/536). Suppose -5*v + k = 3*w, 0*v = 4*w - 4*v - 3148. Is w a prime number?
False
Suppose -9*u = 4*g - 7*u - 488770, 5*g - 610962 = -3*u. Suppose g = 10*p - 91117. Is p a composite number?
True
Suppose 0 = 4*v - 16, -6*q + 5*q = 4*v - 21. Suppose 3*g = 8*g + 5*u - 22675, -2*g + q*u = -9070. Is g a composite number?
True
Suppose -417 - 150 = d - 4*o, 0 = o - 5. Let i be 55/(-3) + 4/12. Is (d/1)/(9/i) a composite number?
True
Let b(s) = 82*s + 8. Let r(o) = o - 1. Let g(v) = -b(v) - 5*r(v). Suppose -174 = 67*w + 228. Is g(w) a composite number?
True
Let m(f) = -79*f - 105. Let q be m(31). Let o = 817 - q. Is o a composite number?
False
Is -8 - (-23176552)/32 - (-4)/(-16) a composite number?
False
Suppose -3*f = -3, -3*f = -6*l - 2*l + 156773. Is l composite?
False
Let i(a) = 6*a - 7 - 3 + 2*a**2 - 10 + 6. Let f be i(-6). Is f - (-2)/4*6 composite?
True
Let n = 1556 - 12226. Let h = n - -22215. Is h prime?
False
Suppose 15*h = 19*h + 31*h - 2566445. Is h a prime number?
True
Suppose -5*r - 13474 = -4*d, -5*d - r + 12387 + 4441 = 0. Suppose -2*a + d = 2*u - 7*a, 0 = -5*u - 4*a + 8382. Is u a composite number?
True
Suppose 16*h = -20*h - 21024. Let i = 1195 + h. Is i a prime number?
False
Let h = -857 + 864. Let y(a) = 157*a**2 + 40*a - 184. Is y(h) prime?
True
Let w(d) = 676*d + 791. Is w(12) prime?
False
Suppose -5*r - 3 = k, 0 = 3*k + 2*r - 2 - 15. Suppose -7 = 6*n - k. Is n/25 - 1*-146 composite?
True
Let q(f) = f + 9. Let z be q(-4). Let i be (z/(-15))/(3/(-18)). Suppose -c - i*p = -651, 1098 = -3*c + 2*p + 3011. Is c a composite number?
False
Let b(q) = 11705*q**2 + 77*q + 487. Is b(-9) composite?
True
Suppose -4*w = -x + 1661 + 1600, -5*x + 16380 = -5*w. Suppose -x = 131*s - 132*s. Is s prime?
False
Suppose -9180209 = 570*n - 715*n + 23001236. Is n a prime number?
True
Let p = 618163 + -421726. Is p a composite number?
True
Is (1 - 3)/(386/(-61903013)) composite?
False
Is 798/1330*(-295990)/(-6) composite?
False
Let v(w) = w**2 - 7*w - 61. Let j be v(17). Suppose 24168 = -85*a + j*a. Is a a prime number?
False
Is -5*(1745574/(-30